What is the thousands digit of 801762947?
2
What is the billions digit of 3285039465?
3
What is the units digit of 20813935?
5
What is the units digit of 27579100?
0
What is the tens digit of 794683053?
5
What is the millions digit of 59894608?
9
What is the units digit of 66747288?
8
What is the hundred thousands digit of 49246244?
2
What is the units digit of 37294966?
6
What is the ten thousands digit of 68067506?
6
What is the units digit of 25865877?
7
What is the hundred millions digit of 4506662105?
5
What is the ten millions digit of 21692880?
2
What is the ten thousands digit of 19207592?
0
What is the thousands digit of 524762989?
2
What is the tens digit of 44230428?
2
What is the ten millions digit of 130216860?
3
What is the hundred millions digit of 832487790?
8
What is the tens digit of 59429925?
2
What is the hundreds digit of 160820771?
7
What is the units digit of 668055383?
3
What is the hundred thousands digit of 79239625?
2
What is the hundreds digit of 768249918?
9
What is the hundreds digit of 76586719?
7
What is the hundred thousands digit of 190642756?
6
What is the millions digit of 120438361?
0
What is the hundred thousands digit of 1318208?
3
What is the ten thousands digit of 99349752?
4
What is the millions digit of 280213360?
0
What is the hundred thousands digit of 680625026?
6
What is the hundreds digit of 73708051?
0
What is the ten millions digit of 53412047?
5
What is the units digit of 72007221?
1
What is the tens digit of 30467183?
8
What is the hundred thousands digit of 22201375?
2
What is the ten millions digit of 35285545?
3
What is the ten millions digit of 143197953?
4
What is the tens digit of 478164427?
2
What is the hundred millions digit of 162047768?
1
What is the thousands digit of 2203916683?
6
What is the millions digit of 48169618?
8
What is the ten thousands digit of 579649036?
4
What is the hundreds digit of 274097778?
7
What is the ten millions digit of 44841369?
4
What is the thousands digit of 6089436490?
6
What is the hundred millions digit of 315017603?
3
What is the hundred thousands digit of 527493278?
4
What is the ten millions digit of 5130795855?
3
What is the units digit of 1765215200?
0
What is the hundreds digit of 159201076?
0
What is the hundreds digit of 1492856114?
1
What is the hundred millions digit of 371889957?
3
What is the units digit of 486727566?
6
What is the ten millions digit of 8145840583?
4
What is the millions digit of 3156578273?
6
What is the ten thousands digit of 19739129?
3
What is the ten millions digit of 1352922947?
5
What is the millions digit of 97940895?
7
What is the ten thousands digit of 92676955?
7
What is the units digit of 85339823?
3
What is the ten millions digit of 92121879?
9
What is the millions digit of 220457271?
0
What is the tens digit of 330682729?
2
What is the hundred thousands digit of 43322644?
3
What is the hundred thousands digit of 155929194?
9
What is the hundred millions digit of 203242595?
2
What is the hundred thousands digit of 27712357?
7
What is the tens digit of 37367587?
8
What is the hundreds digit of 4389774?
7
What is the ten millions digit of 174898755?
7
What is the millions digit of 794081040?
4
What is the thousands digit of 2775933831?
3
What is the ten millions digit of 136942235?
3
What is the thousands digit of 1223380?
3
What is the hundreds digit of 63514810?
8
What is the thousands digit of 495370772?
0
What is the millions digit of 1660313487?
0
What is the hundred thousands digit of 4906286906?
2
What is the millions digit of 68110106?
8
What is the thousands digit of 3720470?
0
What is the thousands digit of 218779307?
9
What is the tens digit of 2138169812?
1
What is the ten millions digit of 2882713411?
8
What is the thousands digit of 5972829359?
9
What is the ten millions digit of 181096932?
8
What is the thousands digit of 52670709?
0
What is the thousands digit of 1010853778?
3
What is the hundred thousands digit of 783555376?
5
What is the tens digit of 321550098?
9
What is the hundred thousands digit of 743540513?
5
What is the hundreds digit of 1972579090?
0
What is the billions digit of 4293599118?
4
What is the thousands digit of 1150031469?
1
What is the millions digit of 48569217?
8
What is the ten thousands digit of 280344135?
4
What is the units digit of 36688701?
1
What is the hundred thousands digit of 73140648?
1
What is the thousands digit of 495214198?
4
What is the tens digit of 1987389037?
3
What is the ten millions digit of 567311226?
6
What is the thousands digit of 36975960?
5
What is the millions digit of 551229613?
1
What is the hundreds digit of 67848265?
2
What is the ten thousands digit of 1066740945?
4
What is the millions digit of 25052905?
5
What is the thousands digit of 817151857?
1
What is the millions digit of 4908471498?
8
What is the hundreds digit of 4041401881?
8
What is the ten millions digit of 1905298667?
0
What is the ten thousands digit of 3109876?
0
What is the millions digit of 404565640?
4
What is the hundred millions digit of 859892080?
8
What is the hundred thousands digit of 524411658?
4
What is the ten thousands digit of 1492537243?
3
What is the ten millions digit of 349580434?
4
What is the hundred thousands digit of 94619255?
6
What is the ten thousands digit of 1027398665?
9
What is the ten thousands digit of 1847321?
4
What is the millions digit of 2292195417?
2
What is the hundred thousands digit of 430262998?
2
What is the ten thousands digit of 687269821?
6
What is the ten thousands digit of 2588898646?
9
What is the thousands digit of 34723409?
3
What is the hundred thousands digit of 1239576841?
5
What is the billions digit of 3211282669?
3
What is the hundreds digit of 416255966?
9
What is the hundreds digit of 325594085?
0
What is the tens digit of 38741759?
5
What is the ten millions digit of 587137295?
8
What is the ten thousands digit of 233121804?
2
What is the hundred thousands digit of 42680450?
6
What is the hundred thousands digit of 43480701?
4
What is the hundreds digit of 1043652952?
9
What is the ten millions digit of 65777082?
6
What is the tens digit of 394023651?
5
What is the millions digit of 293389757?
3
What is the hundred millions digit of 657508459?
6
What is the millions digit of 460503972?
0
What is the hundreds digit of 188280367?
3
What is the thousands digit of 189137111?
7
What is the hundreds digit of 223398145?
1
What is the hundred thousands digit of 1959268033?
2
What is the tens digit of 4540216779?
7
What is the units digit of 15646887?
7
What is the units digit of 125732385?
5
What is the thousands digit of 2195701199?
1
What is the hundreds digit of 159150510?
5
What is the hundred millions digit of 3167238049?
1
What is the hundred thousands digit of 44544308?
5
What is the hundred thousands digit of 26788988?
7
What is the ten millions digit of 1127710367?
2
What is the hundreds digit of 240258651?
6
What is the hundred millions digit of 128963568?
1
What is the millions digit of 1221730122?
1
What is the hundreds digit of 17216200?
2
What is the hundred thousands digit of 2110824499?
8
What is the hundred millions digit of 473450345?
4
What is the ten millions digit of 60489077?
6
What is the thousands digit of 3427724025?
4
What is the tens digit of 3095540309?
0
What is the ten millions digit of 67621145?
6
What is the ten thousands digit of 985835220?
3
What is the ten millions digit of 1135629698?
3
What is the thousands digit of 811362064?
2
What is the hundreds digit of 172630877?
8
What is the hundred thousands digit of 86546357?
5
What is the ten thousands digit of 22333081?
3
What is the ten thousands digit of 134117942?
1
What is the tens digit of 301148314?
1
What is the units digit of 221914222?
2
What is the hundreds digit of 681660164?
1
What is the hundreds digit of 7405420839?
8
What is the ten millions digit of 31072102?
3
What is the millions digit of 116555694?
6
What is the ten thousands digit of 882019?
8
What is the units digit of 27908532?
2
What is the hundreds digit of 63428057?
0
What is the millions digit of 56537001?
6
What is the tens digit of 6660858010?
1
What is the ten thousands digit of 114355420?
5
What is the tens digit of 58650927?
2
What is the tens digit o